{"id":606,"date":"2024-05-18T22:06:52","date_gmt":"2024-05-18T22:06:52","guid":{"rendered":"https:\/\/germanistik-ucm.eu\/?page_id=606"},"modified":"2025-03-26T12:22:30","modified_gmt":"2025-03-26T12:22:30","slug":"lehrstuhl-fur-germanistik-philosophische-fakultat-ucm-trnava","status":"publish","type":"page","link":"https:\/\/germanistik-ucm.eu\/","title":{"rendered":"KGER"},"content":{"rendered":"\n<h1 class=\"wp-block-heading\"><strong>Unsere Projekte<\/strong><\/h1>\n\n\n\n<p><\/p>\n\n\n\n<p><a href=\"https:\/\/duo.germanistik-ucm.eu\"><strong>Deutsch-Unterricht Online:<\/strong> Projekts Erasmus+&nbsp;2020-1-SK01-KA226-SCH-094410<\/a><\/p>\n\n\n\n<p><a href=\"https:\/\/gedi.germanistik-ucm.eu\"><strong>Germanistik Digital <\/strong>: Projekts Erasmus+&nbsp;2020-1-SK01-KA226-HE-094271<\/a><\/p>\n\n\n\n<p><a href=\"https:\/\/populism.germanistik-ucm.eu\"><strong>Kompar\u00e1cia jazykov\u00fdch strat\u00e9gi\u00ed pravicov\u00e9ho populizmu\u00a0<\/strong>(Nemecko \u2013 Rak\u00fasko \u2013 \u010cesko \u2013 Slovensko): LEXIKA \u2013 TEXTY &#8211; DISKURZY (APVV-17-0128)<\/a><\/p>\n\n\n\n<p><a href=\"https:\/\/conspiracy.germanistik-ucm.eu\"><strong>Manipulat\u00edvne reprezent\u00e1cie v \u010dasoch kr\u00edzy. <\/strong>Jazykov\u00e9 strat\u00e9gie kon\u0161pira\u010dn\u00fdch te\u00f3ri\u00ed a alternat\u00edvnych pr\u00e1vd\u00a0v nemeckom a slovenskom jazykovom priestore (\u00a0APVV-22-0221)<\/a><\/p>\n\n\n\n<p><\/p>\n","protected":false},"excerpt":{"rendered":"<p>Unsere Projekte Deutsch-Unterricht Online: Projekts Erasmus+&nbsp;2020-1-SK01-KA226-SCH-094410 Germanistik Digital : Projekts Erasmus+&nbsp;2020-1-SK01-KA226-HE-094271 Kompar\u00e1cia jazykov\u00fdch strat\u00e9gi\u00ed pravicov\u00e9ho populizmu\u00a0(Nemecko \u2013 Rak\u00fasko \u2013 \u010cesko \u2013 Slovensko): LEXIKA \u2013 TEXTY &#8211; DISKURZY (APVV-17-0128) Manipulat\u00edvne reprezent\u00e1cie v \u010dasoch kr\u00edzy. Jazykov\u00e9 strat\u00e9gie kon\u0161pira\u010dn\u00fdch te\u00f3ri\u00ed a alternat\u00edvnych pr\u00e1vd\u00a0v nemeckom a slovenskom jazykovom priestore (\u00a0APVV-22-0221)<\/p>\n","protected":false},"author":1,"featured_media":0,"parent":0,"menu_order":0,"comment_status":"closed","ping_status":"closed","template":"","meta":{"footnotes":""},"class_list":["post-606","page","type-page","status-publish","hentry"],"_links":{"self":[{"href":"https:\/\/germanistik-ucm.eu\/index.php\/wp-json\/wp\/v2\/pages\/606","targetHints":{"allow":["GET"]}}],"collection":[{"href":"https:\/\/germanistik-ucm.eu\/index.php\/wp-json\/wp\/v2\/pages"}],"about":[{"href":"https:\/\/germanistik-ucm.eu\/index.php\/wp-json\/wp\/v2\/types\/page"}],"author":[{"embeddable":true,"href":"https:\/\/germanistik-ucm.eu\/index.php\/wp-json\/wp\/v2\/users\/1"}],"replies":[{"embeddable":true,"href":"https:\/\/germanistik-ucm.eu\/index.php\/wp-json\/wp\/v2\/comments?post=606"}],"version-history":[{"count":5,"href":"https:\/\/germanistik-ucm.eu\/index.php\/wp-json\/wp\/v2\/pages\/606\/revisions"}],"predecessor-version":[{"id":623,"href":"https:\/\/germanistik-ucm.eu\/index.php\/wp-json\/wp\/v2\/pages\/606\/revisions\/623"}],"wp:attachment":[{"href":"https:\/\/germanistik-ucm.eu\/index.php\/wp-json\/wp\/v2\/media?parent=606"}],"curies":[{"name":"wp","href":"https:\/\/api.w.org\/{rel}","templated":true}]}}

<h1 class="wp-block-heading"><strong>Unsere Projekte</strong></h1>



<p></p>



<p><a href="https://duo.germanistik-ucm.eu"><strong>Deutsch-Unterricht Online:</strong> Projekts Erasmus+&nbsp;2020-1-SK01-KA226-SCH-094410</a></p>



<p><a href="https://gedi.germanistik-ucm.eu"><strong>Germanistik Digital </strong>: Projekts Erasmus+&nbsp;2020-1-SK01-KA226-HE-094271</a></p>



<p><a href="https://populism.germanistik-ucm.eu"><strong>Komparácia jazykových stratégií pravicového populizmu </strong>(Nemecko – Rakúsko – Česko – Slovensko): LEXIKA – TEXTY &#8211; DISKURZY (APVV-17-0128)</a></p>



<p><a href="https://conspiracy.germanistik-ucm.eu"><strong>Manipulatívne reprezentácie v časoch krízy. </strong>Jazykové stratégie konšpiračných teórií a alternatívnych právd v nemeckom a slovenskom jazykovom priestore ( APVV-22-0221)</a></p>



<p></p>

<p>Unsere Projekte Deutsch-Unterricht Online: Projekts Erasmus+&nbsp;2020-1-SK01-KA226-SCH-094410 Germanistik Digital : Projekts Erasmus+&nbsp;2020-1-SK01-KA226-HE-094271 Komparácia jazykových stratégií pravicového populizmu (Nemecko – Rakúsko – Česko – Slovensko): LEXIKA – TEXTY &#8211; DISKURZY (APVV-17-0128) Manipulatívne reprezentácie v časoch krízy. Jazykové stratégie konšpiračných teórií a alternatívnych právd v nemeckom a slovenskom jazykovom priestore ( APVV-22-0221)</p>
